e factors of a?
2, 353
Let o(s) = -314*s - 647. What are the prime factors of o(-7)?
3, 11, 47
Let d = -10 - -14. Suppose 2*n + h - 53 = 0, 2*n - d*h - 83 = -5. Let k = 35 + n. List the prime factors of k.
2
Let p(y) = -y**3 + 12*y**2 + 71*y + 17. List the prime factors of p(-34).
17, 29, 103
Let h(m) = 58*m**2 - 8*m + 53. Let r be h(10). Suppose -4*l + u + r = 0, 4*u + 2904 = -0*l + 2*l. List the prime factors of l.
2, 7, 103
Let r(a) = -a**2 - 16*a + 8973. What are the prime factors of r(0)?
3, 997
Let x(l) = l**3 - 12*l**2 + 28*l + 32. Let t be x(8). Suppose t = 5*u + 3*f - 3721, f + 749 = u + 4*f. List the prime factors of u.
743
Let i(c) be the first derivative of -7*c - 1 - 41/2*c**2. List the prime factors of i(-2).
3, 5
Let c = 9 + -21. Let u(y) be the second derivative of -y**5/20 - y**4 - 2*y**3 - 5*y**2 - 285*y. List the prime factors of u(c).
2, 67
Suppose 95*o - 96*o - 189305 = -4*d, 2*d - 94675 = 3*o. What are the prime factors of d?
2, 11831
Let c(j) = -5*j - 103. Let z be c(-15). Let n(h) = 2*h**2 + 37*h - 86. What are the prime factors of n(z)?
2, 223
Let h be (3 + 5 + -5)/((-6)/(-92)). Let i = h - 42. Suppose 0 = -5*p + i*s + 161 + 95, 5*p - 2*s = 248. What are the prime factors of p?
2, 3
Suppose 0 = -6*b + 57 + 99. Suppose -3*x + b = -5*x. List the prime factors of -7*x/((-182)/(-60)).
2, 3, 5
Let w(k) = 2043*k**2 + 175*k - 2. What are the prime factors of w(-4)?
2, 3, 1777
Let t = 2709 - 3992. Let w = t + 2663. List the prime factors of w.
2, 3, 5, 23
Let r = -24143 + 43516. List the prime factors of r.
19373
List the prime factors of (53127/12)/((-1)/4)*340/(-255).
2, 5903
Suppose 619*w - 583*w = 719712. List the prime factors of w.
2, 3, 7, 17
Suppose 3*u + 4*o + 32 = -u, 2*o = -u - 10. Let a = -4 - u. List the prime factors of 214/3*3/a.
107
Suppose -17*s + 7545 = -2*s. Suppose 4*q = y - s - 735, y - 1229 = q. List the prime factors of y.
2, 613
Let s(o) = 160*o - 6645. What are the prime factors of s(133)?
5, 2927
List the prime factors of (1 - -1)*(-7)/4*26614098/(-8379).
11117
List the prime factors of (15/(-5) + -639)*47/(-2).
3, 47, 107
Suppose 9*i + 6 = 12*i. Suppose 0 = -2*a + 3*k + 465, -197 = -3*a - i*k + 468. List the prime factors of a.
3, 5
Let a(c) = -c**3 - 20*c**2 - 9*c - 17. Let o be a(-19). Let i = 444 + o. List the prime factors of i.
3, 79
Let u(l) = -1953*l + 61. Let q be u(-3). Suppose -29*v + q = 1338. What are the prime factors of v?
2, 79
Let t(q) = 2*q**2 + 4*q + 3. Let v = 49 + -51. Let f be t(v). Suppose 4*k + f*w - 34 = 49, -k + w = -19. List the prime factors of k.
2, 5
Let a = -1 - -5. Let i(y) = -18*y + 6. Let s(v) = 2*v + 1. Let c(m) = a*s(m) - i(m). List the prime factors of c(9).
2, 29
Suppose -2*t - 3866 = -2*w, -2*w = -12*t + 7*t - 3854. Suppose 2*i = 2*r - w - 667, r - 5*i = 1298. List the prime factors of r.
1303
Suppose 0 = -5*b + 3*u + 17, -3*u + 5*u = -8. What are the prime factors of (1 - b/(-5))/(22/3685)?
3, 67
Suppose -2*w = -14*w + 102*w - 3256740. List the prime factors of w.
2, 3, 37, 163
Suppose 36738*n - 36747*n = -293787. What are the prime factors of n?
3, 13, 31
Suppose 0 = -2*k + b + 36805, -10*k - 3*b + 73565 = -6*k. List the prime factors of k.
2, 9199
Let h(p) = 409*p - 8011. List the prime factors of h(35).
2, 197
Let k = 16471 + -10818. What are the prime factors of k?
5653
Let y(q) = -q**3 - 23*q**2 + 21*q - 7. Let a be y(-24). Suppose -1311 = -4*t + a. List the prime factors of t.
2, 43
List the prime factors of 9045/6*(7 - (-92)/(-20)).
2, 3, 67
Let u(d) = 833*d + 7683. List the prime factors of u(39).
2, 3, 5, 13, 103
Let r(l) = 11*l**2 - 3*l - 4. Let y(c) = c**2 - c - 1. Let g(h) = r(h) - 6*y(h). Let x be -2 + (-3)/(-1) + 1. What are the prime factors of g(x)?
2, 7
Suppose 69*n = 239082 + 169812. List the prime factors of n.
2, 2963
Suppose 0 = -23143*r + 23198*r - 1474275. What are the prime factors of r?
3, 5, 1787
Let k(h) = 2772*h - 1553. List the prime factors of k(4).
5, 1907
Let z(u) = u + 11. Let m be z(-9). Let h be 77/33 + m/(-6). Suppose 0*s + h*s = 5*c + 86, s - 49 = c. What are the prime factors of s?
53
Let j be 7 - -14 - (2 + 3). List the prime factors of 4/(j/26)*30.
3, 5, 13
Let n = -187 - -118. Let h = n + 261. What are the prime factors of h?
2, 3
Let v be (-25942)/(-35) - 7/35. Suppose -2*n - t = -2651, -3*t = -n + 574 + v. List the prime factors of n.
2, 331
Let r = 506 - 672. Let i = r - -641. List the prime factors of i.
5, 19
Let s(r) = -r**2 + 7*r - 100. Let f be s(24). Let a = f + 949. What are the prime factors of a?
3, 7
Let u be (1 - 2177)/((15/6)/(110/(-22))). Suppose -l - 3*w + 14 = 0, 0*l + w = -3*l + 42. What are the prime factors of 8/l + u/28?
2, 3, 13
Suppose 3*o + 6 + 3 = u, -2*u + 4*o + 12 = 0. Suppose g = u, -2*c - 4*g = -c + 9. What are the prime factors of -4 - c/((-18)/(-476))?
2, 3, 13
Let k = -2 + 5. Suppose 5*t + 11 = -2*j, -j = -4*t - k*j - 8. List the prime factors of (-8)/(-12) + (-355)/t.
7, 17
Suppose 267*v - 2057956 - 1545700 = -50*v. What are the prime factors of v?
2, 7, 29
Suppose 0 = 3*k - 9, -2*a = -a - k - 107. Let w = 109 - a. What are the prime factors of 106 - (-3 - (w + (-2 - 1)))?
3, 5, 7
Let k(w) be the third derivative of 47*w**5/120 - 5*w**4/6 + 2*w**3 - w**2 - 16*w. Let f(p) be the first derivative of k(p). What are the prime factors of f(5)?
5, 43
Let m = 1275 - -3250. What are the prime factors of m?
5, 181
Let m = 2612 + 770. What are the prime factors of 47/282 + m/12?
2, 3, 47
Suppose 4*d + 88 = -5*f, -4*d + 10*f - f + 24 = 0. Let h(m) be the first derivative of -m**4/4 - 4*m**3 - m**2 - 21*m - 1. List the prime factors of h(d).
3
Suppose 288 = -4*i + 5*i. Suppose i = 4*p + 2*s - 852, -2*p + 570 = -s. What are the prime factors of p?
3, 5, 19
Suppose 4*f + 2*r = 132, 0 = -4*r - 3 + 11. Suppose -23*q + f*q - 1737 = 0. List the prime factors of q.
193
Suppose 6*f - f = -11*f. Suppose -2*w = 3*j + 135, -3*w + j - 334 + 115 = f. Let u = 146 - w. List the prime factors of u.
2, 109
Let s = 2216 + 621. What are the prime factors of s?
2837
Suppose -5*k + 8*k = 2*y + 2405, -5*y + k - 6032 = 0. Let i = y + 1879. List the prime factors of i.
2, 3, 7
Let d(t) = t**2 + 2*t - 43. Suppose -2*s - 11 = 13. List the prime factors of d(s).
7, 11
Suppose 14*m + 19091 = 14*m + 17*m. List the prime factors of m.
1123
Suppose -73 = -7*w + 550. Suppose 69*p = w*p - 1120. What are the prime factors of p?
2, 7
Let g(h) = 8483*h - 40. What are the prime factors of g(1)?
8443
List the prime factors of -2*(-41420 + (-6)/(-1)).
2, 20707
Suppose 46 = 12*c - 98. List the prime factors of 4340/c + 14/(-21).
19
Suppose -3*f = -7 - 2. Suppose 3*q + 5*t - 510 = 0, q - 181 = f*t - 25. List the prime factors of q.
3, 5, 11
Let r(i) = 10*i**2 + 16*i - 35. Let f(b) = 7*b**2 + 11*b - 23. Let n(g) = 7*f(g) - 5*r(g). Let u be n(-6). List the prime factors of (160/(-25))/(-1*u/(-110)).
2, 11
Let o = -59079 + 84250. List the prime factors of o.
25171
Let y be 1*-4 + (4 - 2). Let s(v) be the second derivative of -11*v**3 - v**2 - 1598*v + 2. List the prime factors of s(y).
2, 5, 13
What are the prime factors of ((-1639)/(-298))/(1/1410)?
3, 5, 11, 47
List the prime factors of ((-6)/(-13))/(1632/260843648).
2, 9221
Let m be (-715)/165 - 2/(-6). Let y = 17 + -25. List the prime factors of 247 + (-2)/y + m/16.
13, 19
Let b(n) = n**2 + 5*n - 11. Let j be b(-7). Suppose -j*u + 2 + 16 = 0. Suppose 0 = u*w - 22*w + 4096. What are the prime factors of w?
2
Suppose -824928 = 168*k - 184*k. What are the prime factors of k?
2, 3, 13, 661
Let p = 13 - 12. Let q be ((560/(-2))/(-4))/p. List the prime factors of 105 - (4/14 - 230/q).
2, 3
Let w be 545 + (-4 + 2 - 7). Suppose 4*b - w = -14*i + 11*i, -5*b + 532 = 3*i. List the prime factors of i.
2, 23
Let g(u) = -63*u - 12. Let a(v) = 19*v - 3. Let j be a(0). What are the prime factors of g(j)?
3, 59
Suppose -3*p - 1096 = -5*n - 5938, p - 1603 = -2*n. Let r = 2837 - p. List the prime factors of r.
2, 307
List the prime factors of (10112/(-28) + 8)/((6/70)/(-3)).
2, 3, 5, 103
Suppose -11 - 9 = -k. Suppose -k = -2*h - 2*h. Suppose 0 = 2*v - 3*v - h*p + 8, 0 = -2*p + 2. List the prime factors of v.
3
Let s = 4098 - 3934. List the prime factors of s.
2, 41
Suppose 32508 = 18*s + 7200. Let q = 2